ird derivative of -k**6/120 + k**5/12 - 5*k**4/24 + 5*k**3/6 + 3*k**2. Let h be (3/(-6))/((-2)/12). Suppose t = h + 1. What is d(t)?
1
Let d = -1 + 6. Let f(v) = -7*v**2 + 14*v - 7. Let i(w) = -3*w**2 + 7*w - 4. Let t(s) = d*i(s) - 2*f(s). Give t(6).
0
Let k be 1/((-2)/((-2)/1)). Let u(j) = -1. Let f(g) = g**3 + 3*g**2 + 2*g. Let y(v) = k*f(v) - 4*u(v). What is y(-3)?
-2
Let y(u) = -13*u + 15. Let q(z) = 6*z - 7. Let d(l) = -9*q(l) - 4*y(l). Calculate d(3).
-3
Suppose 2*y = 4*r + 10, r = -r - 4. Let o(c) = -4*c + 2*c - 13 + 12. Calculate o(y).
-3
Let w(m) = m**2 - m + 1. Let t be w(0). Let y(k) = 2*k**3 + 2*k**2 - 1. Let h(g) = -g**3. Let s(u) = 6*h(u) + y(u). Determine s(t).
-3
Let i be ((-3)/(-2))/(2/(-4)). Let c(v) = 5*v - 2. Determine c(i).
-17
Let r be 2*-2*2/(-4). Let z be -3 + r + 3*2. Let j(i) = -i**3 + 5*i**2 - i + 4. Determine j(z).
-1
Let g(j) = -3*j + 2. Let o be 0 + -5*2*3/(-15). Determine g(o).
-4
Let c(u) be the first derivative of -u**5/20 + u**4/3 + u**3/2 + u**2 - 2*u - 1. Let t(x) be the first derivative of c(x). What is t(5)?
-8
Let q(s) be the third derivative of -s**6/120 + s**5/15 - s**4/12 + s**3/6 - 30*s**2. Calculate q(3).
4
Let r(j) be the second derivative of -3/2*j**3 + 0 - j + 0*j**2. Suppose -t = -4*y - 7, 5*t = y + 18 - 2. Give r(y).
9
Suppose 3*z - z + 5*x = -11, 0 = -z - 2*x - 4. Let h be z/(-7) + 4/14. Suppose g - 24 = -5*m, 3*g - 2 + 5 = h. Let r(u) = u - 6. What is r(m)?
-1
Let z(g) be the second derivative of -g**4/12 + 7*g**3/6 - g**2 - 7*g. Calculate z(6).
4
Let c(r) = -8*r**3 + 3*r**2 + 14*r - 3. Let f(d) = -3*d**3 + d**2 + 5*d - 1. Let g(l) = -4*c(l) + 11*f(l). Determine g(0).
1
Let l(d) be the second derivative of -d**8/6720 + d**7/504 - d**6/180 - d**5/120 - d**4/2 + 4*d. Let c(i) be the third derivative of l(i). Give c(4).
-1
Let q(s) be the third derivative of -s**4/12 + s**3/6 - 16*s**2. Give q(3).
-5
Let g(j) be the third derivative of j**4/12 + j**3/2 + 2*j**2 - 20. Let h be -1*(0 - -2) + 0. Calculate g(h).
-1
Let p(x) = -x**2 + 4. Suppose 0 = 3*j - 4*y - 7 + 1, -15 = -2*j - y. Let a = -6 + j. Calculate p(a).
4
Let s(w) = -w**3 + 2*w**2 + 3*w - 10. Let g be s(3). Let l(q) = q + 4. What is l(g)?
-6
Let f(s) = 2*s. Let g be f(-2). Let v(y) = 5*y - 1. Let j(r) = -6*r. Let z(k) = g*v(k) - 3*j(k). What is z(3)?
-2
Suppose 3*w = -3*v - 6, 0*w - 5*w = v - 10. Let r(x) = -3*x + x**2 - w*x + 0 + x + 6. Calculate r(4).
2
Let t(m) be the third derivative of m**5/60 - m**4/4 + 9*m**2. Suppose 2*s + 2*s - 24 = 0. Give t(s).
0
Let j(o) = -o**3 + 3*o**2 - 3*o + 5. Suppose 28 = 2*t + 5*t. What is j(t)?
-23
Let a(u) = 3*u - 7. Let x = 11 - 12. Let s be (x - -6)*(0 + 1). Calculate a(s).
8
Let p(y) = y**3 - 2*y. Let k be p(2). Let b(o) = 3*o + 4 - 5 - k*o - 2*o**2. Calculate b(2).
-11
Let w(x) = 2*x - 199 + 200 + 0*x. Calculate w(-1).
-1
Let f(b) be the second derivative of -b**5/120 + 5*b**4/24 + b**3/3 + 4*b. Let q(v) be the second derivative of f(v). Give q(6).
-1
Suppose -3*g = -13 + 1. Let p = g + -4. Let s(z) = p + 1 - 2 - z**2 + 3*z. Give s(3).
-1
Let d(x) = -x**2 - 9*x + 5. Let n be d(-9). Suppose 3*f = n*f - 4. Let k(z) = 0*z**2 - z - f*z**2 + 3*z**3 + 4*z**2. Calculate k(1).
4
Let v(c) = 6 - 3 + 3*c + c**2 + c + 2. Suppose 2*m + 2*n - 17 = 1, -m - 3 = -3*n. Suppose -m + 22 = -4*t - 4*b, 0 = 4*b. Determine v(t).
5
Let q(g) = -3*g**2 + g + 17. Let m(x) = -2*x**2 + x + 17. Let l(n) = -4*m(n) + 3*q(n). Give l(0).
-17
Let j(l) = 4*l**3 + l**2 + 4*l - 3. Let g(p) = -5*p**3 - 2*p**2 - 5*p + 4. Let s(f) = 3*g(f) + 4*j(f). Give s(1).
0
Suppose -5*s = 4*x - 22, -4*x + x - 2*s = -13. Let p(m) be the first derivative of 2*m - 1 + 1/3*m**x + 0*m**2. Determine p(0).
2
Let m(v) = v**2 - 6*v - 1. Let f(c) = c**2 - 6*c. Let x(k) = 3*f(k) - 2*m(k). Let y be ((-4)/2)/(49/(-14) - -3). Calculate x(y).
-6
Let o(v) = 3*v**2 - v - 1. Let y(m) = 0*m**2 + m**3 - m**2 + 2*m**2 - 1 + m. Let r be y(1). Let l = r + -3. Calculate o(l).
3
Let s(t) = -t**2 - 15*t + 3. Suppose -31 + 2 = 2*b + j, -5*b = j + 74. Let x be s(b). Let i(f) = f**2 - 3*f - 1. What is i(x)?
-1
Let j(p) be the first derivative of 6*p**2 + p - 1. Let c(h) = h - 3 - 4*h + 10 + 2*h. Let f be c(8). Calculate j(f).
-11
Let z(v) = -v**2 - v + 2. Suppose -5*o - 7 = 8. Calculate z(o).
-4
Suppose 2*v - 2 = -4*l + 6, 7 = 5*l + v. Let j(b) = 5*b**3 - 2*b**2 + 5 + 0*b**2 - 4. Give j(l).
4
Suppose -5*w = -23*w + 126. Let j(d) = -2*d + 8. Calculate j(w).
-6
Let y(q) be the first derivative of q**2/2 - 7*q + 12. What is y(6)?
-1
Let t = 1 + 2. Suppose 5*l + 13 = t. Let s(q) = -q**3 - 3*q**2 + q + 1. What is s(l)?
-5
Let q(p) = 5*p**2 + 2*p - 1. Let x be 9*(4/3 - 1). Let y be x/6 + (-2)/(-4). Give q(y).
6
Let b(q) = -q**3 + 5*q**2 - 5*q + 1. Let n = -4 + 3. Let l = 3 - n. Give b(l).
-3
Suppose 2*j = -q - 2, 3*q - 2*j - 14 = -2*q. Let g(p) = p**3 - 4*p**2 - 6*p + 7. Let s be g(5). Suppose s*a - q = 2. Let f(m) = 3*m - 3. What is f(a)?
3
Suppose -2*h + 13 - 5 = -4*n, -28 = 5*n + 2*h. Let b be (-2)/(2/(-4)*n). Let j(x) = 5*x - 1. Give j(b).
-6
Let g(o) be the second derivative of -2*o**3/3 - 3*o**2 + 2*o. Let y be (-2)/(1/3 - 1). Suppose 0*j = -y*j - 12. Determine g(j).
10
Let z(m) = -2*m - 18. Let f be z(-11). Let s(d) = -f + 3*d - 5*d + 1 - d. Determine s(-2).
3
Let f be 27/18*4/3. Let n(b) = -f - b + b**2 + b - b + 0. Calculate n(0).
-2
Let h be (3 - 1 - -7)*-1. Let y = h - -8. Let f(n) = 3*n**3 + n**2 + n. Determine f(y).
-3
Let w = 0 - -3. Let z(c) = c - 7. Determine z(w).
-4
Let y be 2 - (-4)/(-14) - (-2)/7. Let k(d) = 10*d - 2. Give k(y).
18
Let s(c) = 7*c**3 - 5*c**2 + 2*c - 6. Let a(p) = 6*p**3 - 5*p**2 + 2*p - 6. Let x(y) = 6*a(y) - 5*s(y). Calculate x(5).
4
Let l(i) be the first derivative of -4*i - 2*i**2 - 6 - 1/3*i**3. Suppose 2*u + 14 = -3*f, -5*f = -5*u + 4 + 11. Give l(f).
-4
Suppose 0*n = -3*n + 9. Let f(i) = n*i + 1 + i - 3*i. Let w be (-2)/(-7) - 2/7. Calculate f(w).
1
Suppose -w + 4*w = 36. Let a(z) = 3 - w - 10*z**2 + 10. Determine a(1).
-9
Let q(o) = -5*o**2 + 67 - o**3 - 6*o - 28 - 21 - 20. Give q(-4).
6
Let y be 82/6 - 1/(-3). Suppose 4*f - 5*a = -45, -f + 3*a - y - 6 = 0. Let k(p) = -p + 4. Let x(u) = -1. Let g(h) = f*x(h) - k(h). Give g(-2).
-1
Let k(y) = y + 2. Let n be k(-5). Let h(g) be the second derivative of -g**4/6 - 5*g**3/6 - 3*g**2/2 - 2*g. Calculate h(n).
-6
Let p(h) = h**3 - 7*h**2 - 18*h - 1. Let z be p(9). Let t(j) = 1 + 2*j**2 + 0 - 2 - 3*j**3. Determine t(z).
4
Let g = 20 + -16. Let y(v) = -v**3 + 4*v**2 + 3*v - 3. Determine y(g).
9
Let s = 0 - -4. Let a(c) = -3 - c + c**3 + s*c + c**2 - 4*c. Calculate a(0).
-3
Let q = 6 + -4. Let l(i) be the second derivative of 1/6*i**3 + 3*i - 3/2*i**2 + 0. Give l(q).
-1
Let i be (-2)/(2/11) + -3. Let t = i + 12. Let a(h) = -6*h - 3. Calculate a(t).
9
Let w(d) = d**3 + 7*d**2 + 8*d - 12. Let o be w(-5). Let y(l) = 12*l + 1. Determine y(o).
-23
Let l(c) = c**2 - 6*c + 7. Let r be l(5). Suppose r*x + 2*u - 6 = 0, -59 = 5*x - 5*u - 24. Let v(f) = -3*f**2 - f**3 + 1 + 0*f**2 + 2*f**2. Give v(x).
5
Let b(x) be the third derivative of x**5/30 + x**4/12 + x**3/6 - 36*x**2. Calculate b(-3).
13
Let j(w) = -9*w + 5. Let k(y) = -7*y + 4. Let i(s) = -4*j(s) + 5*k(s). Determine i(6).
6
Let f(g) = -g**2 - 5*g + 2. Let j be f(-5). Let u be -8*j - (10 - 12). Let o = u - -8. Let i(n) = -n**3 - 6*n**2 + 2*n + 9. Determine i(o).
-3
Suppose 3*v + 0*i = 2*i - 1, -3*v + 3*i = -3. Let b(w) = -w**3 - w**2 - 4. Give b(v).
14
Let y(r) be the first derivative of 1/6*r**3 - 2*r - 3/2*r**2 + 3. Let m(j) be the first derivative of y(j). Give m(2).
-1
Let k(f) = f**2 - 2*f - 1. Let p(b) = -b**3 + b**2 - 2*b. Let x be p(2). Suppose -3*j + 8 + 29 = -2*i, -4*j - 5*i + 34 = 0. Let d = j + x. What is k(d)?
2
Let l(a) = a**2 + 3*a + 2. Suppose 0 = 2*i + 10 - 0. What is l(i)?
12
Suppose -5*f + 0*l - 15 = -3*l, l = 4*f + 19. Let n be (f/3 + 1)*2. Let j(w) = -3*w**2 - 4*w - 2. Determine j(n).
-6
Let m(c) = c**2 - 2*c - 3. Suppose -3*l + 15 = 3*d, -2*l - 4*d + 17 = l. Suppose -l*k = k + 24. Let a(u) = u**2 + 5*u - 8. Let t be a(k). What is m(t)?
5
Let b(u) = 7*u**2 - 18*u + 12. Let i(t) = 3*t**2 - 9*t + 6. Let n(w) = -2*b(w) + 5*i(w). Give n(6).
-12
Let q(z) = z**3 - 7*z**2 + 5*z - 2. Suppose 3*w = 2*t + 28, -2*w + 7 = -0*w + t. What is q(